d o?
4
Let w(f) = -f**2 + 8*f + 2. Let q be w(8). What is the highest common factor of 8 and q?
2
Let j(v) = -v - 1. Let k(s) = 4*s - 3. Let m(o) = -6*j(o) + k(o). Let q be m(3). Suppose -2 = 3*f - 11. What is the greatest common factor of q and f?
3
Let p(i) = 2*i**2 - 3*i - 7. Let o be p(-7). What is the highest common divisor of 14 and o?
14
Let a(v) = -v**2 + 2*v - 1. Let j = -3 - -4. Let s be a(j). Suppose s = y - 4*y + 84. Calculate the highest common factor of y and 42.
14
Suppose 3*z = -2*k + 63, 2*k - 4*z - 146 = -3*k. Let m be 10*(-3)/6*-1. Suppose 13 = m*g - 47. Calculate the highest common divisor of k and g.
6
Let d be (-56)/(-3) + (-4)/6. Suppose -3*m - 7*i = -2*i - 496, 3*m - i - 484 = 0. What is the greatest common divisor of d and m?
18
Let d(j) = -5*j - 28. Let i be d(-11). What is the highest common factor of 18 and i?
9
Let h(q) = q**2 - 8*q. Let t be h(8). Suppose t = -3*f - 4 + 52. Suppose -5*r = -3*r - 4*n - f, -n = 0. What is the highest common factor of r and 64?
8
Suppose -3*v = -2*a + 12, -a = 4*a - 5*v - 35. Let b = 31 - 14. Let k = b - -37. What is the highest common divisor of a and k?
9
Let d = 6 - 3. Suppose 2*g + d*f = -3*g + 461, f - 366 = -4*g. Suppose 3*l - 31 = -2*q, l - 4*q = 2*l + 3. Calculate the greatest common divisor of g and l.
13
Suppose k - 65 = -5*w, 2*k + 4*w = 24 + 124. Suppose 3*b = 18 - 102. Let a = b - -60. Calculate the greatest common divisor of k and a.
16
Suppose 3*g + 2*g + 25 = z, 5 = -g + 2*z. Let q(d) = -2 - 14*d - 9*d + 10*d. Let r be q(g). What is the greatest common divisor of 9 and r?
9
Let w(t) = t**3 + 25*t**2 - 30*t - 53. Let x be w(-26). What is the highest common factor of 408 and x?
51
Let b = -8 + 19. Calculate the greatest common divisor of b and 44.
11
Let f(o) be the first derivative of o**3/3 - 9*o**2/2 + 9*o - 2. Let m be f(6). Let a = 27 - m. Calculate the greatest common factor of a and 24.
12
Let o(x) = -x + 6. Let f(w) = w**2 + 5*w + 5. Let r be f(-5). Let y be o(r). What is the greatest common divisor of 8 and y?
1
Suppose 66 + 186 = 4*p. Calculate the greatest common factor of 42 and p.
21
Let n = 14 + -8. Suppose -k - 4*a = -5, -2*a - 4 = 5*k + 61. Let i = -13 - k. Calculate the greatest common divisor of n and i.
2
Let u(f) = 2*f**2 - 2*f - 8. Let r be u(5). What is the highest common factor of 80 and r?
16
Suppose 50 = 2*a + r, r = -4*a + 4*r + 80. Calculate the highest common divisor of 69 and a.
23
Suppose -d - p - 1 = 0, 3*d + 2 = 4*p - 1. Let h be (-5)/5 - (d + -3). Let r be 16/3 + (-2)/(-3). Calculate the greatest common divisor of h and r.
3
Let g(i) = -i**3 - 2*i**2 + 3*i - 1. Let b be g(-3). Let k be 2 + 0 + b - 0. Let r be 2/(86/(-90) + k). Calculate the greatest common divisor of 18 and r.
9
Let k = -5 + 7. Let x = -3 + k. Let i be (-23)/(-1) + 0 - x. Calculate the greatest common factor of i and 3.
3
Suppose -4*i - 16 = 0, -s + 3*i = 2*i - 82. Let x be 51/4 + (-2)/(-8). Calculate the highest common divisor of s and x.
13
Suppose 0 = 3*w + 5*z - 20, -w + 6*w - 3*z = 90. Calculate the greatest common divisor of w and 135.
15
Let u be -3 - (-30 + (3 - 2)). Calculate the highest common factor of 65 and u.
13
Suppose 2*y + 2*f = 19 + 63, -1 = f. Let b = 97 - y. Calculate the highest common factor of 5 and b.
5
Let g be (135/(-12))/((-3)/(-8)). Let a = 63 + g. What is the greatest common divisor of a and 22?
11
Let n be 182/5 - (-8)/(-20). Let u be 40/15*27/4. What is the greatest common divisor of u and n?
18
Let a(y) = y**2 - 2*y + 14. Let p be a(0). Suppose 15*g - p*g = 40. Calculate the greatest common factor of 10 and g.
10
Let h = -18 + 22. Suppose h*o - 81 = -25. What is the highest common factor of 21 and o?
7
Let w be 3 - 25/5*-6. What is the highest common divisor of 231 and w?
33
Suppose 4*u + 48 = -5*s + s, 3*u - 48 = 4*s. Let q be (s/15)/((-4)/70). What is the highest common divisor of q and 7?
7
Let y(h) = -33*h + 2. Let b be y(-8). What is the greatest common factor of 14 and b?
14
Let p(u) = -u**2 - 9*u - 2. Let a be -1*((-2 - -13) + -3). Let f be p(a). What is the highest common factor of f and 12?
6
Let i(h) = h**3 - 7*h**2 - 14*h + 14. Let g be i(9). Calculate the greatest common factor of g and 40.
10
Let i = 31 - -25. Calculate the greatest common factor of 140 and i.
28
Suppose -16 = -k + 2. Let s = -14 + k. Calculate the highest common divisor of s and 32.
4
Let p = 60 + -36. Suppose 0*n - 12 = -n. What is the greatest common factor of p and n?
12
Let a be 1 + -3 + 0 - -119. Let w = 6 + 7. What is the highest common factor of w and a?
13
Let c = 299 - 189. Calculate the highest common factor of c and 5.
5
Let q = 20 + -13. Let w = 82 + -33. What is the highest common divisor of w and q?
7
Let q be (32/4*1)/(3/15). What is the greatest common factor of q and 40?
40
Let s be (6/(-2))/(1 - 2). Let i(a) = 2*a + 4. Let t be i(s). What is the greatest common factor of t and 2?
2
Suppose -72 = -4*j - 24. What is the highest common divisor of j and 18?
6
Let c = 168 - 270. Let k = c + 168. Calculate the greatest common divisor of k and 6.
6
Let i(x) = 8*x**2 - 2. Let z be i(-2). Let u be 20/(-6)*(-36)/20. What is the greatest common divisor of u and z?
6
Let j be ((-96)/80)/((-2)/80). Calculate the highest common divisor of 32 and j.
16
Suppose -m = -3, 2*v + 5*m - 139 = 3*v. Let o = v - -243. What is the highest common divisor of o and 17?
17
Suppose -2*z + 44 = 3*v + 5, 3*z = 2*v + 52. Suppose -4*w - z = -w. Let k be w/4*44/(-6). Calculate the highest common factor of 99 and k.
11
Let a be 3*1/(-3)*-5. Suppose -5*n = 4*s + 100, -3*n = -a*s - 135 - 27. Let m be s/(1/(3/(-2))). Calculate the highest common factor of 9 and m.
9
Let i = -72 - -170. Calculate the greatest common divisor of 14 and i.
14
Let s = -69 + 75. Calculate the highest common divisor of s and 24.
6
Let o(i) = 4*i - 6. Let y be o(6). Calculate the greatest common factor of 6 and y.
6
Let k(p) = -p**2 + p + 3. Let j be (-30)/12*(-12)/10. Suppose 0 = -8*a + j*a. Let n be k(a). What is the greatest common factor of n and 6?
3
Let c(k) = k + 22. Let g be c(0). Let a = 0 + 11. What is the highest common factor of a and g?
11
Let a be (7 + -2)*(-12)/(-20). Calculate the greatest common divisor of 9 and a.
3
Let f(o) = 50*o**2 + o + 2. Let h be f(-1). What is the greatest common divisor of h and 34?
17
Let v be 16 + -13 + 43*-5. Suppose x - 2*x - 285 = 3*i, 10 = 2*i. Let u = v - x. What is the highest common factor of u and 11?
11
Let y(z) = -11*z - 5. Let h be y(-7). What is the greatest common factor of h and 8?
8
Let c be (-5804)/(-24) + 3/18. Calculate the highest common factor of c and 22.
22
Let o(s) = s - 4. Let a be o(0). Let n be a*7/(-2) + 3. What is the greatest common factor of 153 and n?
17
Suppose 15 - 3 = o. Calculate the highest common factor of 6 and o.
6
Let c(l) = -7*l - 7. Let z be c(4). Let m = z - -53. What is the highest common factor of m and 27?
9
Let g(n) be the third derivative of n**6/120 + n**5/60 + 7*n**3/3 + 2*n**2. Let p be g(0). What is the greatest common factor of 70 and p?
14
Let u = -12 + 21. Calculate the highest common factor of 99 and u.
9
Suppose -650 = 8*m - 18*m. Calculate the highest common factor of 26 and m.
13
Suppose -2*y = -7*y + 15. Suppose -y*c + 44 + 46 = 0. Let k = 21 - 1. Calculate the greatest common divisor of c and k.
10
Suppose 0 = -6*n - 5 + 89. Calculate the greatest common factor of 112 and n.
14
Let j(d) = -d**2 + 9*d + 18. Let c be j(10). Let v be (1*-2)/((-2)/7). Let s = c - v. Calculate the greatest common factor of 1 and s.
1
Suppose 3*d = -2*q + 4*q + 29, 5*d = 5*q + 40. Suppose -88 = -6*p + 536. What is the highest common factor of p and d?
13
Let n(t) = t**2 + 2. Let o be n(-4). Suppose 0 = -5*y + 25, c - o = -y - 7. Calculate the greatest common divisor of c and 42.
6
Suppose 0 = -5*l - 4 + 24. What is the highest common divisor of 44 and l?
4
Let x(q) = -q + 7. Let d be 0 + (-30)/(-3) + -3. Let v be x(d). Suppose 0 = -5*t + 2*t + 4*y + 100, -y - 1 = v. Calculate the highest common factor of t and 8.
8
Let h be 896/12 + (-2)/(-6). Let f be (-6)/5*(-10)/4. Suppose 8*a - f*a - h = 0. Calculate the greatest common divisor of 135 and a.
15
Suppose -3*l - 2 = 4. Let a be ((-2)/l)/(5/45). Let j(k) = 17*k**3 + 2